 of 2438138.
2, 23, 53003
What are the prime factors of 10670508?
2, 3, 98801
List the prime factors of 904287.
3, 301429
List the prime factors of 1776689.
607, 2927
What are the prime factors of 2090099?
11, 17, 11177
What are the prime factors of 21848215?
5, 1777, 2459
List the prime factors of 658319.
658319
What are the prime factors of 3207943?
3207943
List the prime factors of 560144.
2, 13, 2693
List the prime factors of 341991.
3, 13, 37, 79
What are the prime factors of 25046042?
2, 7, 1789003
What are the prime factors of 1005633?
3, 29, 3853
List the prime factors of 4364567.
4364567
What are the prime factors of 2721135?
3, 5, 181409
List the prime factors of 13420.
2, 5, 11, 61
What are the prime factors of 1225520?
2, 5, 15319
List the prime factors of 5078935.
5, 67, 15161
What are the prime factors of 29228065?
5, 131, 44623
What are the prime factors of 34035781?
13, 41, 63857
What are the prime factors of 372615?
3, 5, 24841
List the prime factors of 116496.
2, 3, 809
What are the prime factors of 152417?
152417
List the prime factors of 1139490.
2, 3, 5, 11, 1151
List the prime factors of 8006822.
2, 701, 5711
List the prime factors of 450934.
2, 11, 103, 199
List the prime factors of 354536.
2, 7, 13, 487
What are the prime factors of 5201217?
3, 7, 82559
List the prime factors of 230747.
11, 1907
What are the prime factors of 1378806?
2, 3, 11, 13, 1607
List the prime factors of 1153426.
2, 241, 2393
List the prime factors of 65350.
2, 5, 1307
What are the prime factors of 10057016?
2, 79, 15913
List the prime factors of 6882234.
2, 3, 1147039
What are the prime factors of 36156?
2, 3, 23, 131
What are the prime factors of 2954453?
2954453
List the prime factors of 1242674.
2, 621337
What are the prime factors of 2754531?
3, 13, 1811
What are the prime factors of 184065?
3, 5, 7, 1753
What are the prime factors of 7288?
2, 911
List the prime factors of 2299195.
5, 23, 19993
List the prime factors of 151582.
2, 19, 3989
What are the prime factors of 10267788?
2, 3, 79, 10831
List the prime factors of 639526.
2, 319763
List the prime factors of 204793.
204793
List the prime factors of 73800.
2, 3, 5, 41
What are the prime factors of 452485?
5, 11, 19, 433
List the prime factors of 126261.
3, 14029
List the prime factors of 10226715.
3, 5, 681781
List the prime factors of 20661984.
2, 3, 7, 37, 277
List the prime factors of 2439117.
3, 271013
List the prime factors of 12865675.
5, 67, 7681
What are the prime factors of 1415057?
7, 31, 6521
List the prime factors of 1921046.
2, 960523
What are the prime factors of 2260477?
61, 37057
What are the prime factors of 1057654?
2, 13, 19, 2141
What are the prime factors of 2546345?
5, 17, 29, 1033
What are the prime factors of 1101875?
5, 41, 43
List the prime factors of 825362.
2, 409, 1009
List the prime factors of 40223272.
2, 5027909
List the prime factors of 717935.
5, 139, 1033
What are the prime factors of 5533617?
3, 19, 97081
What are the prime factors of 1417767?
3, 13, 36353
List the prime factors of 3179121.
3, 11, 96337
What are the prime factors of 45754?
2, 22877
List the prime factors of 1105029.
3, 40927
What are the prime factors of 2438203?
2438203
What are the prime factors of 10460156?
2, 7, 397, 941
What are the prime factors of 6284?
2, 1571
List the prime factors of 2708093.
47, 157, 367
What are the prime factors of 345618?
2, 3, 7, 13, 211
List the prime factors of 1315069.
7, 17, 43, 257
What are the prime factors of 578721?
3, 11, 13, 19, 71
List the prime factors of 650720.
2, 5, 7, 83
What are the prime factors of 3177233?
673, 4721
List the prime factors of 5294055.
3, 5, 13, 17, 1597
List the prime factors of 134752.
2, 4211
List the prime factors of 978706.
2, 103, 4751
List the prime factors of 11539595.
5, 31, 74449
List the prime factors of 348233.
479, 727
What are the prime factors of 1344731?
269, 4999
List the prime factors of 427977.
3, 11, 131
List the prime factors of 205910.
2, 5, 59, 349
List the prime factors of 4600306.
2, 2300153
What are the prime factors of 104780?
2, 5, 13, 31
What are the prime factors of 20349?
3, 7, 17, 19
List the prime factors of 849851.
19, 44729
What are the prime factors of 1024512?
2, 3, 23, 29
What are the prime factors of 221244?
2, 3, 103, 179
What are the prime factors of 2776216?
2, 163, 2129
What are the prime factors of 4997464?
2, 624683
List the prime factors of 507310.
2, 5, 97, 523
What are the prime factors of 677670?
2, 3, 5, 7, 461
What are the prime factors of 13377314?
2, 6688657
List the prime factors of 743477.
7, 15173
List the prime factors of 14511.
3, 7, 691
List the prime factors of 1135369.
73, 103, 151
List the prime factors of 5844645.
3, 5, 23, 5647
List the prime factors of 14315298.
2, 3, 2385883
What are the prime factors of 1113929?
41, 101, 269
List the prime factors of 2661284.
2, 23, 28927
List the prime factors of 141890.
2, 5, 7, 2027
List the prime factors of 1887088.
2, 7, 29, 83
What are the prime factors of 332167?
11, 30197
List the prime factors of 90265.
5, 7, 2579
List the prime factors of 5783873.
71, 81463
List the prime factors of 3768927.
3, 29, 43321
List the prime factors of 2014424.
2, 53, 4751
What are the prime factors of 2748097?
11, 249827
What are the prime factors of 26614455?
3, 5, 7, 47, 5393
What are the prime factors of 143924?
2, 11, 3271
What are the prime factors of 82610?
2, 5, 11, 751
What are the prime factors of 3067184?
2, 191699
What are the prime factors of 177876?
2, 3, 61
What are the prime factors of 3864606?
2, 3, 644101
List the prime factors of 747596.
2, 31, 6029
What are the prime factors of 85574?
2, 42787
List the prime factors of 379232.
2, 7, 1693
List the prime factors of 7709.
13, 593
List the prime factors of 91241.
23, 3967
What are the prime factors of 39224669?
11, 3565879
What are the prime factors of 17784388?
2, 4446097
What are the prime factors of 277490?
2, 5, 27749
List the prime factors of 348551.
7, 17, 29, 101
List the prime factors of 240350.
2, 5, 11, 19, 23
List the prime factors of 721934.
2, 83, 4349
What are the prime factors of 159362?
2, 7, 11383
What are the prime factors of 2651010?
2, 3, 5, 97, 911
List the prime factors of 2021078.
2, 73, 109, 127
List the prime factors of 1828976.
2, 114311
List the prime factors of 426110.
2, 5, 42611
List the prime factors of 180506.
2, 17, 5309
List the prime factors of 119960.
2, 5, 2999
List the prime factors of 305980.
2, 5, 15299
List the prime factors of 36569.
13, 29, 97
What are the prime factors of 181841?
11, 61, 271
List the prime factors of 288182.
2, 89, 1619
List the prime factors of 1743778.
2, 467, 1867
List the prime factors of 1508399.
73, 20663
List the prime factors of 2902437.
3, 31, 101, 103
What are the prime factors of 139211?
73, 1907
List the prime factors of 19431987.
3, 23, 281623
List the prime factors of 40702315.
5, 773, 10531
List the prime factors of 23629276.
2, 11, 537029
List the prime factors of 4461241.
23, 31, 6257
List the prime factors of 6851001.
3, 19, 120193
What are the prime factors of 2405496?
2, 3, 73, 1373
What are the prime factors of 7483220?
2, 5, 293, 1277
What are the prime factors of 443433?
3, 147811
List the prime factors of 9918109.
31, 37, 8647
List the prime factors of 675423.
3, 7, 71, 151
What are the prime factors of 524688?
2, 3, 17, 643
What are the prime factors of 766630?
2, 5, 31, 2473
What are the prime factors of 250796?
2, 7, 13, 53
What are the prime factors of 71985?
3, 5, 4799
List the prime factors of 232350.
2, 3, 5, 1549
List the prime factors of 65148.
2, 3, 61, 89
What are the prime factors of 305903?
13, 23531
List the prime factors of 1587856.
2, 99241
List the prime factors of 750172.
2, 29, 223
What are the prime factors of 282375?
3, 5, 251
List the prime factors of 207800.
2, 5, 1039
List the prime factors of 2723084.
2, 7, 13, 7481
What are the prime factors of 323042?
2, 161521
What are the prime factors of 945232?
2, 59077
List the prime factors of 27217.
17, 1601
What are the prime factors of 919132?
2, 47, 4889
List the prime factors of 5513162.
2, 67, 41143
What are the prime factors of 19351720?
2, 5, 43, 11251
List the prime factors of 5931581.
37, 160313
What are 